git of (7/m)/(2/96)?
4
Suppose 3*g - 2*g + b = 229, g + 5*b = 209. What is the units digit of g?
4
Let u(h) = -3*h**2 - 4*h + 3. Let l(x) = 4*x**2 + 4*x - 2. Let r(v) = 2*l(v) + 3*u(v). Let g be r(-4). Suppose -g*n + 2 = -3*n. What is the units digit of n?
1
Let a = -24 - -48. Suppose -2*m + a = -6*m. What is the units digit of (2 - 27/m)*2?
3
Suppose 2*b + 0*b - r - 105 = 0, 3*r = -15. Let m = -70 + b. What is the units digit of (-6)/(-18) + m/(-3)?
7
Let x(i) be the first derivative of i**3/3 - i**2 + i - 3. What is the units digit of x(3)?
4
Let r = -46 - -80. Suppose -w - w - 4 = 0, -w = 4*x - r. What is the units digit of x?
9
Let t be (2/(-1) + 2)/2. Let g = 2 + 3. Suppose t*s = g*s - 10. What is the units digit of s?
2
Let p(f) = f**3 + 10*f**2 + 9*f + 3. Let z be p(-6). Suppose -3*h = -0*h - z. What is the units digit of h?
1
Let g(w) be the third derivative of 13*w**4/24 + 9*w**2. What is the units digit of g(1)?
3
Let u(r) be the first derivative of r**3 + r**2/2 - 2*r - 1. Let i be u(-3). What is the units digit of (-10)/15 + i/6?
3
Let m(t) = t**2 - 2*t - 3. Let q be m(3). Suppose -2*i + 26 + 2 = q. What is the tens digit of i?
1
Let g(o) = -10*o - 4. What is the tens digit of g(-4)?
3
What is the tens digit of -2 - 6/2*-18?
5
Let z = -23 - -138. What is the tens digit of z?
1
Let d(b) be the first derivative of b**4/4 - b**3/3 + 2*b**2 + 3. What is the units digit of d(3)?
0
Suppose 7*q - 146 = 5*q. What is the units digit of q?
3
What is the units digit of 40*(2 - 3/3)?
0
Let o = 23 - -25. Suppose -5*j - 3*f + 109 = 0, 2*j - f + 0*f = o. What is the units digit of j?
3
Suppose -24 = 4*q - q. Let l = q + 14. What is the units digit of l?
6
Let n = -6 + 4. Let f(a) = -a**3 - 3*a**2 - 3*a. Let x be f(n). Suppose -i + x*i = 5. What is the units digit of i?
5
Let n(b) = 10*b + 9. What is the tens digit of n(4)?
4
Suppose 3*t = 2*t + 2. Suppose b + t*b + 4*i = 67, 0 = 2*b + 3*i - 45. Let v = b + -10. What is the tens digit of v?
1
What is the units digit of (-2 - -1) + -4 + 24?
9
Suppose -4*s - 126 = 2*r, -4*s + s = -5*r + 88. Let p = s - -51. Suppose -2*a + 4*g + 12 = -p, 3*a = 5*g + 44. What is the units digit of a?
8
Suppose -o - 2*o = -6. Suppose -6*y + 5*y + o = 0. What is the units digit of (-11)/(-2) + 1/y?
6
Suppose 5*w + 174 = i, 2*i - 3*w = -0*w + 355. What is the units digit of i?
9
Suppose 0 = -0*t - 2*t + 28. Let v = -5 + t. What is the units digit of v?
9
Suppose 5 = 4*w - 3. Let l = 2 - w. Suppose 3*p - 7 - 23 = l. What is the units digit of p?
0
Suppose -10 = -2*t + 2*c, -4*t - 4*c + 5 = 1. Suppose -2*o - t*o + 55 = 0. Let v = -5 + o. What is the units digit of v?
6
Let k = -27 - -27. Let v be (-2)/(2/9*-3). Suppose k = -4*u + v*u + 16. What is the tens digit of u?
1
Suppose 2*j + 610 = 7*j. What is the tens digit of j?
2
Let p(x) = -x**3 - 6*x**2 + 7*x + 3. Let f be p(-7). Suppose -f*v - 20 = -2*v. What is the tens digit of (-208)/v - 4/10?
1
Suppose 0 = 3*k + 5 + 1. Let c = k - -2. Suppose -x - 15 = -4*w - 0*x, -4*x + 4 = c. What is the units digit of w?
4
Let d = 18 + -37. Let h = -12 - d. What is the units digit of h?
7
Suppose 5*v - q - 150 = 0, 4*v - 1 = -2*q + 133. What is the units digit of v?
1
Let z = 10 + -9. What is the units digit of (3 - (z + 1)) + 3?
4
Let h = 139 - 71. What is the units digit of h?
8
Let w(t) = t**3 + 3*t**2 - 1. Let b be w(-2). Suppose -a + 17 = -b*s, -3*a - 11 = -6*a + s. What is the units digit of a?
2
Let n be (-4)/6 - (-68)/12. Suppose 0*x + 1 = -x - 2*z, n*x + z - 4 = 0. Let t(k) = 5*k**2 + 1. What is the units digit of t(x)?
6
Suppose -7*t + 120 = -2*t. What is the units digit of t?
4
Let o(d) = 2*d**2 - 15 + 2*d - d**2 - 4*d. What is the units digit of o(7)?
0
Let v = -14 - -15. What is the units digit of v?
1
Suppose -47 = -3*m - 5*c, -3*m = -5*c - 0*c - 37. What is the tens digit of m?
1
Let p be (6/5)/((-21)/(-70)). Suppose -2*g - 2 = 3*t, 7*g = t + p*g - 14. Suppose 0 = z + t, -4*r + 8*z - 5*z = -10. What is the units digit of r?
1
Let b(s) = -8*s + 7. Let d be b(3). Let q = d - -30. What is the units digit of q?
3
Let q be 2 + 1*(-1)/(-1). Suppose -q*r - 1 = -10. What is the units digit of r?
3
Let m = -31 - -51. Suppose -5*b = -b - 280. Suppose -3*k - 3*u + b = k, -k - 2*u + m = 0. What is the units digit of k?
6
Let f(w) = w**3 - 1. Let h be f(2). Suppose h*k = 4*k - 3*v, 4*k - 3*v = 7. What is the units digit of k/((-3)/(-3)) + 8?
9
What is the tens digit of (-87)/12*(-8 - -4)?
2
Suppose -m = 2*m - 486. Suppose m = -3*q + 6*q. Suppose -4*g + q = -g. What is the units digit of g?
8
Let t(h) = 47*h - 7. What is the tens digit of t(2)?
8
Let b be 2*2 + (-2)/(-1). Suppose 0 = -5*a + 77 + 23. Suppose a = b*d - d. What is the units digit of d?
4
Let g = -42 + 68. Let z = g + -8. Let n = 27 - z. What is the units digit of n?
9
Let h(g) = 8*g**3 + 2*g**2 + 7*g - 5. Let k(d) = 7*d**3 + d**2 + 6*d - 5. Let p(l) = 6*h(l) - 7*k(l). Let z be p(5). What is the units digit of z + (-3)/3 + 1?
5
Suppose 8*c - 11*c = -51. What is the tens digit of c?
1
Let h(w) = -4*w + 17. What is the tens digit of h(-4)?
3
Let y be (5 + -1*2)*-1. Let l = 1 - y. Suppose -3*o = -2*n - 18, -17 = -4*o + l*n + 3. What is the units digit of o?
8
Let j be 2/(-4) + 14/4. Suppose -4*d + 54 = 3*z + 22, -2*z - j*d + 23 = 0. What is the units digit of z?
4
Let y be 1 + (-40 - (0 + 0)). What is the units digit of 4/26 + (-1476)/y?
8
Suppose 1 = -u + 4*g - 4, -5*u - 2*g + 63 = 0. What is the units digit of u - (0 + -1)*-3?
8
What is the tens digit of 10/25 - (-136)/10?
1
Let p(i) = 6*i**2 - i. Suppose -3*r - 18 = 3*b, -4*r = r + 25. What is the units digit of p(b)?
7
Suppose -3*t = -4*n + 186, 2*t = -5 + 1. What is the units digit of n?
5
What is the units digit of 2 + 3/((-3)/(-1))?
3
Suppose 4*f + 15 = 5*w, -5*f + f + 3*w = 9. Suppose 2*x - 5*r - 3 = f, -5*x - 4*r + 88 - 31 = 0. What is the units digit of x?
9
Let x = -202 + 319. What is the units digit of x?
7
Let u(y) = -y**2 + 14*y - 12. What is the tens digit of u(10)?
2
Let c(w) = w**2 + 3*w + 1. Suppose 0 = 4*x - 4*z - 4, -7*x + 7 = -2*x - 4*z. Let m = -6 + x. What is the units digit of c(m)?
1
Let n(q) = -q**3 + 4*q**2 + 4*q + 5. Let p be n(5). Let s = p + 14. What is the units digit of s?
4
Let x be 1 + (-2)/2 + -1. Let v be (-2 - -5)*3*x. Let w(y) = y**2 + 8*y - 8. What is the units digit of w(v)?
1
Let t(s) = s + 4. Let y be t(-4). Let x(p) = -p + 8. Let r be x(y). Suppose -3*j = -r - 16. What is the units digit of j?
8
Let x(v) = -v**2 - 36*v - 80. What is the units digit of x(-23)?
9
Let y(p) = -11*p - 10. What is the tens digit of y(-4)?
3
Let w(p) = p**3 - 2*p + 3. Suppose -4*n + 3*n - 1 = 0. Let x = n + 3. What is the units digit of w(x)?
7
What is the units digit of -43*(-4 - -7 - 12/3)?
3
What is the units digit of (1*1/2)/(2/4)?
1
Suppose 0 = z + 4*y - 19, 0 = 2*z + y + 4*y - 23. What is the units digit of -1 + (2 + -5)*z?
2
Let f = 38 - 21. What is the tens digit of f?
1
Let z be 168/32 - 3/(-4). Let q = -4 + z. Suppose i - 3*o = q*o + 1, -4*i - 5*o + 79 = 0. What is the tens digit of i?
1
Suppose -9 + 2 = x. Let h = -1 - x. What is the units digit of h?
6
Suppose -6*s = -8*s + 28. Let j = s - 5. What is the units digit of j?
9
Let q(h) = -12*h**2 - h - 5. Let l(v) = 3 - v + 2*v + 11*v**2 + 1. Let i(w) = 6*l(w) + 5*q(w). What is the units digit of i(1)?
6
Suppose v = -v + 168. What is the tens digit of v?
8
Let z = 17 - 13. Suppose 8 + 58 = 2*r - 2*h, -z*r - h = -132. What is the tens digit of r?
3
Suppose -3*t = -4*r - 29 + 1, 5*t = r + 41. What is the units digit of t?
8
Let g = -94 + 178. What is the units digit of g?
4
Suppose g = 7 + 27. What is the tens digit of g?
3
Let f(w) = 20*w**3 - w**2 + 1. Let d be f(1). Suppose 3*b - d = -b. What is the units digit of b?
5
What is the units digit of 176 - (8/(-2) + 4)*-1?
6
Let q be (4 + -1 + -2)*-7. Let u = q - -15. What is the units digit of u?
8
Let d(y) = 2*y + y**3 - 4*y**2 + 4*y**2 - y - 3. Let m be d(4). Suppose 0 = 3*u + 2*u - m. What is the units digit of u?
3
Let f be 1/(-1)*6/(-2). Let h = f - 4. What is the units digit of (h - -15)*(-4)/(-8)?
7
Suppose -4*u + 115 = k, 3*k - 53 - 303 = -u. What is the tens digit of k?
1
Suppose -5*q = 3*p - 417, 2*q - 425 = -3*q + 5*p. What is the un